0. Suppose i = 6*d - 3184 + 1174. Is d a composite number?
True
Suppose -2*x - t = -24299, t - 14313 = -3*x + 22136. Suppose b = -3821 + x. Is b prime?
True
Suppose -13*h + 30153 = 10*h. Suppose -4*l = 4*d - 2752, -4*d - 774 - h = -3*l. Is l composite?
False
Let c(r) = 19613*r**2 + 1114*r + 5596. Is c(-5) composite?
True
Suppose -4*p = p, 4*b = 4*p + 48. Suppose -14*u + 12 = -b*u. Let x(i) = 2*i**3 + 3*i**2 - 2*i + 13. Is x(u) composite?
False
Let y(h) = 3*h**3 + h**2 - h. Let i be y(1). Let m be (1*3223)/(-4*i/(-12)). Suppose g = 3*z + 1067, 2*z - m = -0*g - 3*g. Is g composite?
True
Suppose 0 = -5*q + 2*q, 4*q = -2*s - 30. Suppose -3*b + 8*b = 7630. Is b/6 + 5/s prime?
False
Is (-27)/((-648)/(-809632))*(-12)/8 a composite number?
True
Let y = -319 - -315. Is 776382/18 + y/(-6) prime?
True
Suppose -2*l - 2*p - 3868 - 222 = 0, 4*l + 5*p + 8179 = 0. Let g = 8089 + l. Is g a prime number?
True
Let n be (-5)/((-10)/8) + (2 - 1). Let c be (4/12*-1)/(n/(-15585)). Let t = 1758 - c. Is t prime?
True
Let y(w) = -10*w**2 - 17*w + 2. Let v be y(-2). Let g(x) = -890*x + 29. Is g(v) a prime number?
False
Let w(v) = -v**2 + 30. Let s be w(0). Suppose 5*d + 20 - s = 0. Suppose 0*a = 5*f - a - 2703, 4*a = -d*f + 1090. Is f composite?
False
Suppose 104490 = 8*j - 114926. Is j a prime number?
True
Let z = 8 + -6. Let t be -5 - -2 - (155/(-35) - (-32)/(-56)). Suppose -t*y = -0*y - 3*i - 397, 0 = z*y + 4*i - 362. Is y composite?
False
Let s(o) = 153*o**2 + 19*o + 11. Suppose 160*w + 90 = 166*w. Is s(w) prime?
True
Let w = 65 + -61. Suppose 0 = -n - 4*o + 1063, w*n - 2*o - o - 4157 = 0. Is n a composite number?
True
Suppose -2*d + s = -23 - 4, -5*d + s = -63. Suppose 2*i + 12 = 3*i - 3*k, -i - 3*k - d = 0. Suppose i = -2*g - 3*o + 739 - 14, 4*g - 1395 = 5*o. Is g composite?
True
Suppose 31*y - 785 = 26*y. Let s = -34 + y. Let x = s - 100. Is x composite?
False
Let z be 38282/18 + (-2)/(-9). Suppose 0 = 3*j - s - 11, 90*s = j + 91*s - 5. Suppose -j*v + z = d, 5*v = 4*d + 340 + 2345. Is v a prime number?
False
Let b = 189 - 204. Is b/(-35) - 27700/(-14) composite?
False
Let k be (-65837)/(-9) + ((-306)/(-81) - 4). Suppose -p - k = -56222. Is p prime?
True
Let o = -14314 - -40547. Is o a composite number?
True
Let y(v) = -v**2 - 10*v + 13. Suppose -9*j = -8*j + 11. Let f be y(j). Suppose -f*t + 89 = -t. Is t prime?
True
Suppose -7934333 - 12234379 = -13*l - 59*l. Is l composite?
False
Suppose -269229 = -9*g - 8*g. Let a = 7280 + g. Is a composite?
False
Let g(i) = -9*i - 1034*i**2 - 3 + 2583*i**2 + 1091*i**2 - 6*i - 49. Is g(-3) a prime number?
True
Suppose -4*h - 3*h = -127811 - 257910. Is h prime?
True
Let r be -1 - (-58)/6 - 40/24. Is 51837/33 - ((-79)/11 + r) a prime number?
True
Let x(n) = -n**3 - 9*n**2 - 7*n - 16. Let w be x(-8). Let k(s) = -124*s - 37. Is k(w) composite?
False
Let n(b) = -69*b**2 + 5*b + 4. Suppose 12 = -7*k + 10*k. Let g be n(k). Let l = 1709 + g. Is l prime?
False
Suppose -4*n - n + 172970 = 5*p, 4*n - 5*p = 138340. Suppose 0 = 12*o - 43686 - n. Is o a composite number?
True
Let h(m) = m**2 + 3*m - 12. Let n be h(-8). Is 10*(-7)/(n/(-19174)) prime?
False
Suppose -5*y = -4*x + 1556124 - 21797, 3*x = -2*y + 1150705. Is x prime?
True
Suppose 23 = 9*k - 13. Suppose -o + 14 = k*m, 0*m - 26 = -4*o - m. Let z = 121 + o. Is z a composite number?
False
Let o be (1 + -1)/(3 + 0). Suppose -g - 3 = -2*a - 38, 4*g + a - 176 = o. Is g prime?
True
Suppose 1 = -5*g - 2*u, u = 1 + 1. Let k(v) = -3*v**2. Let i be k(g). Is (-4 - i)/((-1)/1043) a prime number?
False
Suppose -5 = -5*r - 5*b, 3*r - 4*r + 4*b - 19 = 0. Let k be (-16)/(-104) - (-836)/143. Is 959/(r/4*(-8)/k) a prime number?
False
Let k(o) = -2*o + 34. Let l be k(15). Suppose g = l*n - 2*n + 107, -g - 153 = 3*n. Is (-13356)/52*-1 - 8/n a prime number?
True
Let i = -5777 + 9765. Suppose 2*o = -2*t + i, o + o + t = 3988. Suppose n + o = 2*r + 171, -4*n = 4. Is r a prime number?
True
Let n(o) be the third derivative of o**4/24 - o**3/6 + 28*o**2. Let z(x) = -96*x - 1. Let m(s) = 5*n(s) + z(s). Is m(-17) composite?
True
Let z(v) = -11*v + 88. Let j be z(8). Suppose -36*x + 2939 + 4585 = j. Is x a composite number?
True
Suppose 3*k + 12 = 0, 3*k = -2*a + 2*k + 43534. Is a a prime number?
False
Let a be 14/4*(5 + (-93)/21). Suppose a*h = -3*h + 4755. Suppose -2*q - h = -5*q. Is q a prime number?
True
Let o(m) = m**3 - 11*m**2 - 14*m + 18. Let t be o(12). Let d be (-271770)/(-45) + (-4)/t. Suppose -4*g = 4*u - d, -2*u + 939 + 2063 = -4*g. Is u prime?
False
Suppose 28*d - 13494769 = -31*d + 27336240. Is d prime?
True
Is 1/(-8) - 12/((-1248)/12816037) a prime number?
False
Let a = 6889 + -4519. Let k = a + -1333. Is k composite?
True
Let g(k) = 7*k + 3. Let v(a) = -a**2 - 5*a - 6. Let q be v(-4). Let j be g(q). Is 83 + -1 - (-33)/j a composite number?
False
Suppose -2*f + 304 = 2*f + 4*z, -5*z + 60 = f. Suppose -f*d - 49744 = -88*d. Is d a prime number?
False
Let m(i) be the first derivative of i**5/20 + i**4/6 + 895*i**2/2 - 4*i - 3. Let j(g) be the first derivative of m(g). Is j(0) a composite number?
True
Suppose 0 = -4*c + 2*k + 44184, 5*c + 39*k - 55237 = 38*k. Is c prime?
True
Let i be (-6)/21 + (0 - 1868/28). Let o = 70 + i. Suppose -5*g - 3 = 22, o*k - 3478 = 5*g. Is k a prime number?
True
Suppose -4*s - 12 = 0, 81*s - 309082 = -2*z + 77*s. Is z composite?
True
Let z be (-20)/40*(2 - 2*3). Suppose -20*c + z*c = -206982. Is c a composite number?
True
Suppose -2*z - 7 = -4*l + 15, -3*l + z = -16. Suppose 82833 = 5*h + 4*t, -2*t + l*t = 2*h - 33124. Is h a prime number?
False
Suppose 5*y = -d + 4417, -21*d + 3 = -22*d. Suppose -4*u - 1083 - 161 = 0. Let k = y + u. Is k composite?
True
Let p = -54883 - -291049. Suppose p = -5*z + 11*z. Is z a prime number?
False
Suppose 1271765 = 3*g + 4*h, -13*g - 2*h = -8*g - 2119641. Is g prime?
True
Let b(j) = 143*j + 4182. Is b(47) a prime number?
True
Let z(a) = a**3 - 14*a**2 - 16*a + 15. Let f be z(15). Suppose -3*v + 12 = 3*m, 3*m - 6*m - v + 2 = f. Is 269/(1/m)*-5 a prime number?
False
Let i(m) = -5*m - 4*m**2 + 3*m**2 + 3*m - 1. Let p be i(0). Is ((p - 2) + 197)/2 a prime number?
True
Suppose c - w = 27024, -c - 365*w + 27030 = -368*w. Is c composite?
True
Is (29 - 31)/((-10)/1481615) prime?
False
Let l be 1/(-2)*-5*2. Let z be (-10)/l + 30/(2/1). Let m(x) = 18*x - 32. Is m(z) a prime number?
False
Is 86408 - (7/(-2))/((-182)/(-28) - 7) a composite number?
True
Let x be (9/4 - 2) + (-124)/(-16). Suppose 0 = x*z - 7*z - 2. Suppose 0 = -z*d - d + 1563. Is d prime?
True
Suppose -s - 876*z + 180895 = -873*z, -5*s - 3*z = -904403. Is s a composite number?
True
Suppose -262879 = -2*s - 3*d, 4*s - 106*d - 525751 = -111*d. Is s prime?
False
Suppose 8 = -2*j + 4*f, 9*f = 3*j + 5*f + 4. Let x(c) = 482*c - 27. Is x(j) prime?
True
Let x be ((-21)/28)/((-1)/4). Suppose h + 69 = 4*n + 6*h, x*n - 13 = 4*h. Let d(z) = 2*z**2 + 2*z - 13. Is d(n) composite?
False
Is -28293*((-10 - 2)/12 - 0) a composite number?
True
Let g be -16061*((-3)/(-3) - (-1 - -1)). Let n = 29310 + g. Is n a composite number?
False
Let t be (15/9)/(10/6). Let v be (8 - 11)*(-371)/t - -2. Suppose -48*x + 53*x = v. Is x a prime number?
True
Let i be (32/(-4))/2 - 4. Let x = i + 5. Is (-3011)/(-1*(5 + 12/x)) a composite number?
False
Let v = -4556 - -13438. Is v prime?
False
Suppose 32*v = 34*v - j - 477558, 0 = j - 4. Is v composite?
False
Let u(j) = -16*j + 6. Suppose 151 + 25 = -11*t. Is u(t) composite?
True
Suppose 94*d - 144*d = -331300. Is d a prime number?
False
Let g be (-38)/(-4) - (9/(-2) + 4). Is 2/1*138835/g prime?
True
Let b = -820056 - -1186153. Is b a composite number?
False
Let s be 10170/330 + (-6)/(-33). Suppose -281719 - 377620 = -s*i. Is i prime?
True
Let m(o) be the first derivative of -3*o**2/2 - 66*o + 31. Let f be m(-23). Suppose x = 3*p - 4*p + 69, 4*x = -f*p + 276. Is x a composite number?
True
Suppose 0 = 2*h - y, -47 = -4*h - 5*y - 19. Let p be (0 + h)/(0 + (-1)/(-160)). Let u = 841 - p. Is u composite?
False
Is (7891281/(-34) + -4)*-2 composite?
False
Suppose 44758 = -8*p + 111390. Is p a composite number?
False
Is (-307634*7/42)/((-24)/72) a composite number?
False
Let q be (-5 + (-115)/(-25))*(-4 + -1). Suppose -5*a = q*b - 3*b + 10167, -a = -5*b + 50835. Is b composite